{"id":1051,"date":"2018-08-29T19:54:23","date_gmt":"2018-08-29T22:54:23","guid":{"rendered":"https:\/\/iespoman-cat.infd.edu.ar\/sitio\/docentes\/"},"modified":"2020-10-02T11:35:32","modified_gmt":"2020-10-02T14:35:32","slug":"docentes","status":"publish","type":"page","link":"https:\/\/iespoman-cat.infd.edu.ar\/sitio\/docentes\/","title":{"rendered":"Docentes"},"content":{"rendered":"<p class=\"Borde_rojo\" style=\"text-align: center;\"><span style=\"font-size: 10pt;\"><strong>Planta Org\u00e1nica del IES Pom\u00e1n<\/strong><\/span><\/p>\n<p>&nbsp;<\/p>\n<table>\n<tbody>\n<tr>\n<td width=\"331\"><strong>APELLIDO Y NOMBRES0<\/strong><\/td>\n<\/tr>\n<tr>\n<td width=\"331\">ACOSTA, Silvana Carolina<\/td>\n<\/tr>\n<tr>\n<td width=\"331\">ACOSTA, Gabriela Andrea<\/td>\n<\/tr>\n<tr>\n<td width=\"331\">ACOSTA, Leonardo Marcos Emanuel<\/td>\n<\/tr>\n<tr>\n<td width=\"331\">AGUIRRE, Lina Gabriela<\/td>\n<\/tr>\n<tr>\n<td width=\"331\">AG\u00dcERO, Ver\u00f3nica Elizabeth<\/td>\n<\/tr>\n<tr>\n<td width=\"331\">ALTAMIRANDA, Ricardo Esteban<\/td>\n<\/tr>\n<tr>\n<td width=\"331\">ALVAREZ, Ana Daniela<\/td>\n<\/tr>\n<tr>\n<td width=\"331\"><\/td>\n<\/tr>\n<tr>\n<td width=\"331\">ALVAREZ, Patricia Marysol<\/td>\n<\/tr>\n<tr>\n<td width=\"331\">ALVAREZ, Mar\u00eda Eugenia<\/td>\n<\/tr>\n<tr>\n<td width=\"331\">ALVAREZ, Sara Isolina<\/td>\n<\/tr>\n<tr>\n<td width=\"331\">ANTONIO, Romina Amanda<\/td>\n<\/tr>\n<tr>\n<td width=\"331\">ARAMBURU, Evangelina del Valle<\/td>\n<\/tr>\n<tr>\n<td width=\"331\">AREVALO, Juan Jos\u00e9<\/td>\n<\/tr>\n<tr>\n<td width=\"331\">ARGA\u00d1ARAZ, Claudia Patricia del Vale<\/td>\n<\/tr>\n<tr>\n<td width=\"331\">ARROYO NIETO, Ana Valeria del Valle<\/td>\n<\/tr>\n<tr>\n<td width=\"331\">ASAD, Rita Karina<\/td>\n<\/tr>\n<tr>\n<td width=\"331\">AVELLANEDA, Alejandro del Valle<\/td>\n<\/tr>\n<tr>\n<td width=\"331\">BARALE, Andr\u00e9s<\/td>\n<\/tr>\n<tr>\n<td width=\"331\">BAZAN, Carlos Gustavo<\/td>\n<\/tr>\n<tr>\n<td width=\"331\">BAZAN, Dante Rafael<\/td>\n<\/tr>\n<tr>\n<td width=\"331\">BELLIDO, Anal\u00eda del Carmen<\/td>\n<\/tr>\n<tr>\n<td width=\"331\">BURGOS, Jorge Alberto<\/td>\n<\/tr>\n<tr>\n<td width=\"331\">CABRERA AUGIER, Maria Luz<\/td>\n<\/tr>\n<tr>\n<td width=\"331\">CABRERA, Marcela Cristina<\/td>\n<\/tr>\n<tr>\n<td width=\"331\">CANO, Mariano Javier<\/td>\n<\/tr>\n<tr>\n<td width=\"331\">CARABAJAL, Bruno Mauricio<\/td>\n<\/tr>\n<tr>\n<td width=\"331\">CARDOSO, Julia Evangelina<\/td>\n<\/tr>\n<tr>\n<td width=\"331\">CARRION, Mar\u00eda de los \u00c1ngeles<\/td>\n<\/tr>\n<tr>\n<td width=\"331\">CARRIZO, Gabriel Eduardo<\/td>\n<\/tr>\n<tr>\n<td width=\"331\">CARRIZO, Oscar Eduardo<\/td>\n<\/tr>\n<tr>\n<td width=\"331\">CARRIZO, Silvina Magal\u00ed<\/td>\n<\/tr>\n<tr>\n<td width=\"331\">CECENARRO, Mar\u00eda Edith<\/td>\n<\/tr>\n<tr>\n<td width=\"331\">CEDRON, Sandra del Valle<\/td>\n<\/tr>\n<tr>\n<td width=\"331\">CENTENO, Eduardo Reyes<\/td>\n<\/tr>\n<tr>\n<td width=\"331\">CHACANA, Vilma Alal\u00eda<\/td>\n<\/tr>\n<tr>\n<td width=\"331\">CHAYLE, Nelly Rosa<\/td>\n<\/tr>\n<tr>\n<td width=\"331\">CONDORI, Nora Margarita<\/td>\n<\/tr>\n<tr>\n<td width=\"331\">CONTRERAS, Sergio Abrah\u00e1n<\/td>\n<\/tr>\n<tr>\n<td width=\"331\">CORONEL, Gladys Dora del Carmen<\/td>\n<\/tr>\n<tr>\n<td width=\"331\">CUTULI ROJAS, Juan Manuel<\/td>\n<\/tr>\n<tr>\n<td width=\"331\">DELGADO, Susana Albertana<\/td>\n<\/tr>\n<tr>\n<td width=\"331\">DELGADO, Mar\u00eda del Valle<\/td>\n<\/tr>\n<tr>\n<td width=\"331\">DIAZ, Noelia Patricia<\/td>\n<\/tr>\n<tr>\n<td width=\"331\">DOMINGUEZ, Dolly Edelina<\/td>\n<\/tr>\n<tr>\n<td width=\"331\">DOMINGUEZ, Maximiliano Daniel<\/td>\n<\/tr>\n<tr>\n<td width=\"331\">ESPECHE, Jorge Edgardo<\/td>\n<\/tr>\n<tr>\n<td width=\"331\">FERREYRA Anal\u00eda Carola<\/td>\n<\/tr>\n<tr>\n<td width=\"331\">FIGUEROA, Ana Carolina<\/td>\n<\/tr>\n<tr>\n<td width=\"331\">FIGUEROA, Carlos Gerardo<\/td>\n<\/tr>\n<tr>\n<td width=\"331\">FILIPIN, Wilson Roy<\/td>\n<\/tr>\n<tr>\n<td width=\"331\">FRIEDIK, Susana Letizia<\/td>\n<\/tr>\n<tr>\n<td width=\"331\">FURQUE, Mar\u00eda Cristina<\/td>\n<\/tr>\n<tr>\n<td width=\"331\">GALVAN, Fernando Gabriel<\/td>\n<\/tr>\n<tr>\n<td width=\"331\">GENARO, Mirna Vanesa<\/td>\n<\/tr>\n<tr>\n<td width=\"331\">GERVAN, Alejandrina Martina<\/td>\n<\/tr>\n<tr>\n<td width=\"331\">CHASAMPI Leonardo<\/td>\n<\/tr>\n<tr>\n<td width=\"331\">GODOY, Mar\u00eda Luciana<\/td>\n<\/tr>\n<tr>\n<td width=\"331\">GONZALEZ, Jonathan Sebasti\u00e1n<\/td>\n<\/tr>\n<tr>\n<td width=\"331\">GARAY, Mar\u00eda Luz<\/td>\n<\/tr>\n<tr>\n<td width=\"331\">HERNANDEZ NIEVA, Alej.Soled. del V<\/td>\n<\/tr>\n<tr>\n<td width=\"331\">HERRERA, Rosana Ivana<\/td>\n<\/tr>\n<tr>\n<td width=\"331\">HOFFMANN, Rita Helga<\/td>\n<\/tr>\n<tr>\n<td width=\"331\">JEREZ, Juana Nicolasa<\/td>\n<\/tr>\n<tr>\n<td width=\"331\">LEAL, Zulema del Valle<\/td>\n<\/tr>\n<tr>\n<td width=\"331\">LIZARRAGA, Gabriel Germ\u00e1n<\/td>\n<\/tr>\n<tr>\n<td width=\"331\">LOBOS, Cristian Ariel<\/td>\n<\/tr>\n<tr>\n<td width=\"331\">LUJAN, Marcelo Fabi\u00e1n<\/td>\n<\/tr>\n<tr>\n<td width=\"331\">MALDONADO, Mar\u00eda Emilia<\/td>\n<\/tr>\n<tr>\n<td width=\"331\">MERCADO, Alejandro Rodolfo<\/td>\n<\/tr>\n<tr>\n<td width=\"331\">MOLINA, Mar\u00eda Alejandra<\/td>\n<\/tr>\n<tr>\n<td width=\"331\">MONASTERIO, Karina Andrea<\/td>\n<\/tr>\n<tr>\n<td width=\"331\">MONIER, Diego Isaac<\/td>\n<\/tr>\n<tr>\n<td width=\"331\">MONTIVERO, Liliana del Valle<\/td>\n<\/tr>\n<tr>\n<td width=\"331\">MONTIVERO, Walter Iv\u00e1n<\/td>\n<\/tr>\n<tr>\n<td width=\"331\">MORALES, Yesica Yanela<\/td>\n<\/tr>\n<tr>\n<td width=\"331\">MORALES, Noelia Jos\u00e9<\/td>\n<\/tr>\n<tr>\n<td width=\"331\">MORENO, Eugenio Exequiel<\/td>\n<\/tr>\n<tr>\n<td width=\"331\">NIETO ITURREZ, Delicia Elizabeth<\/td>\n<\/tr>\n<tr>\n<td width=\"331\"><\/td>\n<\/tr>\n<tr>\n<td width=\"331\">NIEVA, Jos\u00e9 Fernando<\/td>\n<\/tr>\n<tr>\n<td width=\"331\">NIEVA, M\u00f3nica Beatriz<\/td>\n<\/tr>\n<tr>\n<td width=\"331\">NIEVA, Anal\u00eda Mercedes<\/td>\n<\/tr>\n<tr>\n<td width=\"331\">NOVAIRA, Diego Daniel<\/td>\n<\/tr>\n<tr>\n<td width=\"331\">OGAS, Pedro Roberto<\/td>\n<\/tr>\n<tr>\n<td width=\"331\">OLAZ, Daniel Antonio<\/td>\n<\/tr>\n<tr>\n<td width=\"331\">OLAZ, Daniel Ivan<\/td>\n<\/tr>\n<tr>\n<td width=\"331\">OLIVA, Sandra Marcela<\/td>\n<\/tr>\n<tr>\n<td width=\"331\">ORTIZ, Dalila Marcela<\/td>\n<\/tr>\n<tr>\n<td width=\"331\">ORTOLANO, Sergio Ariel<\/td>\n<\/tr>\n<tr>\n<td width=\"331\">PACHECO, Iris Marga<\/td>\n<\/tr>\n<tr>\n<td width=\"331\">PEREA, Jorgelina Beatriz<\/td>\n<\/tr>\n<tr>\n<td width=\"331\">PICON, Luis Alejandro<\/td>\n<\/tr>\n<tr>\n<td width=\"331\">PIHUALA, Rosana Edith<\/td>\n<\/tr>\n<tr>\n<td width=\"331\">QUINTEROS LEIVA, Jessica Gabriela<\/td>\n<\/tr>\n<tr>\n<td width=\"331\">RAMOS, Gladys Zulema<\/td>\n<\/tr>\n<tr>\n<td width=\"331\">REYNOSO, Edit Magdalena<\/td>\n<\/tr>\n<tr>\n<td width=\"331\">ROBAINA ARIAS, Marianela Micaela<\/td>\n<\/tr>\n<tr>\n<td width=\"331\">RODRIGUEZ, Sebasti\u00e1n Ren\u00e9<\/td>\n<\/tr>\n<tr>\n<td width=\"331\"><\/td>\n<\/tr>\n<tr>\n<td width=\"331\">ROLON REYNOSO, Walter Daniel<\/td>\n<\/tr>\n<tr>\n<td width=\"331\">ROSALES, Brian Edgar<\/td>\n<\/tr>\n<tr>\n<td width=\"331\">SALAS, Roc\u00edo Camila<\/td>\n<\/tr>\n<tr>\n<td width=\"331\">SALAS, Nancy Alejandra Edith<\/td>\n<\/tr>\n<tr>\n<td width=\"331\">SANCHEZ, Sebasti\u00e1n<\/td>\n<\/tr>\n<tr>\n<td width=\"331\">SAAVEDRA, Mat\u00edas Florencio<\/td>\n<\/tr>\n<tr>\n<td width=\"331\">SOLOHAGA, Mar\u00eda Sandra<\/td>\n<\/tr>\n<\/tbody>\n<\/table>\n<p>&nbsp;<\/p>\n","protected":false},"excerpt":{"rendered":"<p>Planta Org\u00e1nica del IES Pom\u00e1n &nbsp; APELLIDO Y NOMBRES0 ACOSTA, Silvana Carolina ACOSTA, Gabriela Andrea ACOSTA, Leonardo Marcos Emanuel AGUIRRE, Lina Gabriela AG\u00dcERO, Ver\u00f3nica Elizabeth ALTAMIRANDA, Ricardo Esteban ALVAREZ, Ana Daniela ALVAREZ, Patricia Marysol ALVAREZ, Mar\u00eda Eugenia ALVAREZ, Sara Isolina ANTONIO, Romina Amanda ARAMBURU, Evangelina del Valle AREVALO, Juan Jos\u00e9 ARGA\u00d1ARAZ, Claudia Patricia del Vale &#8230; <a title=\"Docentes\" class=\"read-more\" href=\"https:\/\/iespoman-cat.infd.edu.ar\/sitio\/docentes\/\" aria-label=\"More on Docentes\">[+]<\/a><\/p>\n","protected":false},"author":8,"featured_media":0,"parent":0,"menu_order":0,"comment_status":"closed","ping_status":"closed","template":"","meta":[],"acf":[],"_links":{"self":[{"href":"https:\/\/iespoman-cat.infd.edu.ar\/sitio\/wp-json\/wp\/v2\/pages\/1051"}],"collection":[{"href":"https:\/\/iespoman-cat.infd.edu.ar\/sitio\/wp-json\/wp\/v2\/pages"}],"about":[{"href":"https:\/\/iespoman-cat.infd.edu.ar\/sitio\/wp-json\/wp\/v2\/types\/page"}],"author":[{"embeddable":true,"href":"https:\/\/iespoman-cat.infd.edu.ar\/sitio\/wp-json\/wp\/v2\/users\/8"}],"replies":[{"embeddable":true,"href":"https:\/\/iespoman-cat.infd.edu.ar\/sitio\/wp-json\/wp\/v2\/comments?post=1051"}],"version-history":[{"count":5,"href":"https:\/\/iespoman-cat.infd.edu.ar\/sitio\/wp-json\/wp\/v2\/pages\/1051\/revisions"}],"predecessor-version":[{"id":1612,"href":"https:\/\/iespoman-cat.infd.edu.ar\/sitio\/wp-json\/wp\/v2\/pages\/1051\/revisions\/1612"}],"wp:attachment":[{"href":"https:\/\/iespoman-cat.infd.edu.ar\/sitio\/wp-json\/wp\/v2\/media?parent=1051"}],"curies":[{"name":"wp","href":"https:\/\/api.w.org\/{rel}","templated":true}]}}